igit of 3358988?
3
What is the hundred thousands digit of 14892817?
8
What is the hundred thousands digit of 1968968?
9
What is the ten thousands digit of 1127324?
2
What is the tens digit of 926720?
2
What is the tens digit of 6865972?
7
What is the ten thousands digit of 32052?
3
What is the ten thousands digit of 108516?
0
What is the hundreds digit of 11697775?
7
What is the thousands digit of 127434?
7
What is the thousands digit of 1967232?
7
What is the millions digit of 3487586?
3
What is the hundreds digit of 10329861?
8
What is the tens digit of 1420935?
3
What is the millions digit of 20932540?
0
What is the ten thousands digit of 501599?
0
What is the thousands digit of 73100?
3
What is the hundreds digit of 368939?
9
What is the units digit of 529357?
7
What is the ten thousands digit of 27357013?
5
What is the hundreds digit of 4807635?
6
What is the hundreds digit of 2862092?
0
What is the units digit of 476906?
6
What is the ten thousands digit of 758888?
5
What is the tens digit of 488827?
2
What is the units digit of 89707?
7
What is the hundreds digit of 4434559?
5
What is the hundred thousands digit of 31357282?
3
What is the ten millions digit of 11562453?
1
What is the millions digit of 2658361?
2
What is the units digit of 239058?
8
What is the millions digit of 6177862?
6
What is the thousands digit of 133536?
3
What is the millions digit of 4120297?
4
What is the hundred thousands digit of 110973?
1
What is the hundreds digit of 308839?
8
What is the ten thousands digit of 2892299?
9
What is the tens digit of 329507?
0
What is the ten thousands digit of 1900822?
0
What is the millions digit of 1527311?
1
What is the hundred thousands digit of 5180941?
1
What is the thousands digit of 12948121?
8
What is the ten thousands digit of 29916793?
1
What is the hundred thousands digit of 1469318?
4
What is the units digit of 153408?
8
What is the hundred thousands digit of 841230?
8
What is the ten thousands digit of 219465?
1
What is the units digit of 155786?
6
What is the ten thousands digit of 285523?
8
What is the units digit of 425546?
6
What is the units digit of 4522416?
6
What is the ten thousands digit of 406077?
0
What is the tens digit of 2759745?
4
What is the units digit of 2980861?
1
What is the thousands digit of 1212578?
2
What is the hundreds digit of 4202285?
2
What is the hundreds digit of 1131625?
6
What is the tens digit of 325732?
3
What is the ten thousands digit of 2489081?
8
What is the units digit of 495211?
1
What is the thousands digit of 762452?
2
What is the units digit of 7485955?
5
What is the tens digit of 4995369?
6
What is the millions digit of 2194306?
2
What is the ten thousands digit of 378974?
7
What is the thousands digit of 249821?
9
What is the ten thousands digit of 29175?
2
What is the millions digit of 6182638?
6
What is the units digit of 1773476?
6
What is the hundred thousands digit of 473431?
4
What is the tens digit of 52426?
2
What is the hundreds digit of 8268465?
4
What is the units digit of 7454320?
0
What is the tens digit of 15538535?
3
What is the millions digit of 1112009?
1
What is the tens digit of 748719?
1
What is the units digit of 11472?
2
What is the ten thousands digit of 3027282?
2
What is the thousands digit of 630673?
0
What is the thousands digit of 70916?
0
What is the units digit of 758595?
5
What is the hundreds digit of 200738?
7
What is the units digit of 50068?
8
What is the units digit of 319785?
5
What is the units digit of 171284?
4
What is the ten thousands digit of 1572729?
7
What is the thousands digit of 14408079?
8
What is the hundreds digit of 42533?
5
What is the hundreds digit of 758013?
0
What is the tens digit of 842443?
4
What is the units digit of 236468?
8
What is the hundreds digit of 21406590?
5
What is the ten thousands digit of 1714094?
1
What is the hundreds digit of 2585264?
2
What is the hundreds digit of 7448430?
4
What is the ten thousands digit of 5766773?
6
What is the tens digit of 608705?
0
What is the units digit of 2346053?
3
What is the hundreds digit of 381622?
6
What is the millions digit of 6690756?
6
What is the units digit of 1167817?
7
What is the ten thousands digit of 3199632?
9
What is the hundred thousands digit of 623783?
6
What is the thousands digit of 8281339?
1
What is the hundred thousands digit of 5046216?
0
What is the ten thousands digit of 3725891?
2
What is the units digit of 349312?
2
What is the units digit of 902468?
8
What is the units digit of 1942644?
4
What is the tens digit of 2144218?
1
What is the tens digit of 212440?
4
What is the thousands digit of 490966?
0
What is the tens digit of 15011059?
5
What is the hundred thousands digit of 5157022?
1
What is the hundred thousands digit of 189341?
1
What is the thousands digit of 97715?
7
What is the millions digit of 2121649?
2
What is the ten thousands digit of 34623472?
2
What is the hundreds digit of 921017?
0
What is the thousands digit of 163565?
3
What is the ten thousands digit of 2298181?
9
What is the ten thousands digit of 1619606?
1
What is the hundred thousands digit of 1724463?
7
What is the hundreds digit of 238194?
1
What is the tens digit of 17126856?
5
What is the units digit of 87110?
0
What is the ten thousands digit of 251803?
5
What is the thousands digit of 3156211?
6
What is the thousands digit of 399371?
9
What is the thousands digit of 11556033?
6
What is the units digit of 3756720?
0
What is the units digit of 25518047?
7
What is the tens digit of 211770?
7
What is the hundreds digit of 5031453?
4
What is the hundreds digit of 136947?
9
What is the thousands digit of 8021522?
1
What is the hundreds digit of 17184275?
2
What is the tens digit of 14421978?
7
What is the hundred thousands digit of 25514774?
5
What is the hundreds digit of 99715?
7
What is the hundred thousands digit of 11544650?
5
What is the thousands digit of 22011?
2
What is the hundred thousands digit of 113236?
1
What is the units digit of 1168303?
3
What is the hundred thousands digit of 330640?
3
What is the units digit of 856082?
2
What is the hundred thousands digit of 563881?
5
What is the thousands digit of 33670?
3
What is the hundreds digit of 860304?
3
What is the units digit of 935082?
2
What is the ten thousands digit of 1352351?
5
What is the units digit of 29828915?
5
What is the ten thousands digit of 429734?
2
What is the hundred thousands digit of 21422711?
4
What is the hundreds digit of 16575926?
9
What is the hundreds digit of 179391?
3
What is the hundred thousands digit of 144979?
1
What is the hundred thousands digit of 1021022?
0
What is the millions digit of 2276848?
2
What is the hundreds digit of 2931136?
1
What is the hundreds digit of 4665440?
4
What is the hundred thousands digit of 527670?
5
What is the units digit of 585542?
2
What is the hundred thousands digit of 254520?
2
What is the tens digit of 3502947?
4
What is the hundreds digit of 7271532?
5
What is the ten thousands digit of 39209?
3
What is the thousands digit of 20688003?
8
What is the tens digit of 18298482?
8
What is the units digit of 916133?
3
What is the ten thousands digit of 154273?
5
What is the hundreds digit of 650432?
4
What is the units digit of 97720?
0
What is the hundreds digit of 1074046?
0
What is the units digit of 520906?
6
What is the tens digit of 637466?
6
What is the thousands digit of 316464?
6
What is the units digit of 1112819?
9
What is the ten thousands digit of 99238?
9
What is the thousands digit of 95766?
5
What is the hundred thousands digit of 589677?
5
What is the tens digit of 64765?
6
What is the units digit of 20390755?
5
What is the millions digit of 1580613?
1
What is the hundreds digit of 4143175?
1
What is the hundred thousands digit of 22851892?
8
What is the thousands digit of 1917783?
7
What is the thousands digit of 26162961?
2
What is the thousands digit of 2264396?
4
What is the thousands digit of 110755?
0
What is the units digit of 8234?
4
What is the hundred thousands digit of 274051?
2
What is the ten thousands digit of 2979829?
7
What is the tens digit of 7504902?
0
What is the units digit of 13053026?
6
What is the tens digit of 1229316?
1
What is the hundreds digit of 1029286?
2
What is the hundre